29*o + 127*o. What is r(33)?
1
Let l be (-3)/(-2)*(-66)/(-9). Suppose l*h + 5*h = -80. Let g(o) = -3*o**2 - 17*o - 7. Give g(h).
3
Let a(k) = 9*k - 31. Let v(q) = -10 + q + 4*q - 2*q. Let o(d) = 2*a(d) - 7*v(d). Let r(y) = y**2 + 9*y + 7. Let b be r(-9). Give o(b).
-13
Let q(c) = -7*c + 4. Let t(a) = -3*a + 2. Let b(h) = q(h) - 2*t(h). Let p = -11 + 15. Let y be (-12)/(-2) - 4/p. What is b(y)?
-5
Let f(y) = 6*y + 16. Let j = 46 + -46. Suppose -2*d - 3*g = -0 - 2, j = -5*d - 2*g - 6. Let n(p) = 2*p + 5. Let q(t) = d*f(t) + 7*n(t). Give q(-3).
-3
Let w(p) = -p**2 - 11*p - 39. Let f(k) = -2*k**2 - 24*k - 90. Let r(y) = 3*f(y) - 7*w(y). Calculate r(-4).
-1
Let y(n) = -8*n - 1 + 1 - 2 - 6 - 1. Calculate y(-5).
31
Let w = 17 + -38. Let u = 42 + w. Let f(p) = 5 + 10*p + 11 - u + 6. Calculate f(1).
11
Let y(k) = 3*k**3 - 2*k**2 - k + 2. Suppose 0 = 3*o, -2*h - o - 4 = 10*o - 6*o. Give y(h).
-28
Let c = -43 + 44. Suppose -2*v = 3*a - c, -v - 3*a = -0*v + 1. Let n(i) = -8 - v*i**2 - 5 + 12. Give n(-3).
-19
Let s(d) = 2*d**3 + 10*d**2 + 9*d + 7. Let p be s(-4). Let a(o) = -12*o**2 + 13*o + o**3 + 4 - 8*o**3 + 6*o**p. What is a(-13)?
4
Let c(r) = -3*r**2 + 8*r + 13. Let n(l) = -8*l**2 + 24*l + 38. Let h = -5 + 9. Suppose 0*z = h*z + 16. Let b(u) = z*n(u) + 11*c(u). Calculate b(-6).
3
Let q(a) = -92*a - 5. Let t(f) = -14*f - 1. Let d(p) = 2*q(p) - 13*t(p). Suppose 3*v + 5*r + 36 = 0, 3*v + r = 5*v + 11. Determine d(v).
17
Let c = 320 + -318. Let n(z) = z**3 + z - 10060*z**c + 10061*z**2 + 2 + 0*z. Calculate n(3).
41
Let w(m) be the third derivative of -m**5/30 - 3*m**4/8 - m**3/6 - 1346*m**2. What is w(-3)?
8
Let u(o) = 25*o - 1567. Let t be u(62). Let n(m) = 2*m + 24. Calculate n(t).
-10
Let t(h) = -23*h**2 - 2*h + 6. Let q(p) = 103*p**2 + 8*p - 25. Let k(n) = -2*q(n) - 9*t(n). Give k(0).
-4
Let m = 4 + 7. Let g(d) = -16 - 121653*d - 121656*d + 364971*d - 121660*d. Calculate g(m).
6
Let s(h) = 270*h - 35 + h**2 - 20 - 293*h. Let j be s(25). Let v(k) be the second derivative of -k**4/12 - 5*k**3/6 - 3*k**2 - 2*k. Calculate v(j).
-6
Let q be (-3)/(9/3) - -3. Let n(d) = -d - 5*d**q - d - 6 - d**3 + 6*d. Let i = -18312 + 18306. Calculate n(i).
6
Let w be 3/(-14)*-2*7. Let k(s) = 1 - 5*s**3 + 0*s**3 + 6*s**w + 2*s**2 + 2*s**2. Let t be k(-4). Let o(b) = 4*b**2. What is o(t)?
4
Let f(x) = x**3 + 229 + 10*x - 6475*x**2 - 111*x - 70 + 6525*x**2. Calculate f(-52).
3
Let z(s) = -42*s - 602. Let m(f) = 7*f + 97. Let h(n) = -49*m(n) - 8*z(n). Determine h(8).
7
Suppose 7*t - 2 - 5 = 0. Let g(a) = -4*a**2 - a - 1. Let n(s) = -18*s**3 - 22*s**2 - 5*s - 8. Let l(b) = -6*g(b) + n(b). Calculate l(t).
-17
Let n = -20922 + 20924. Let m(p) = -3*p**2 + 21*p - 36. What is m(n)?
-6
Let t be 0 + (-8)/((-104)/(-169)). Let p(a) be the second derivative of a**5/20 + 13*a**4/12 + 30*a + 2. Give p(t).
0
Let n(c) = 8 + 9*c**2 - 48*c**3 + 21*c**3 + 6*c**3 + 20*c**3 + c + c. What is n(10)?
-72
Suppose 2*n - 47 = -7. Let i(s) = -4 + 12 + 3 - 3 - s + 7. Determine i(n).
-5
Let b(q) = 6*q**2 + 19*q + 4. Let w(d) = -14*d**2 - 39*d - 10. Let j(g) = -5*b(g) - 2*w(g). Calculate j(-8).
8
Let d(n) = n**2 - 9*n - 2. Let w = -177 + 179. Let v be (-21 - -17)/(w/(-4)). Give d(v).
-10
Let l(a) = 46*a**3 + 5*a**2 + 12*a + 23. Let d(x) = 15*x**3 + x**2 + 4*x - 1. Let q(j) = -3*d(j) + l(j). Calculate q(-5).
-49
Let r(m) be the first derivative of -2*m**3/3 + 19*m**2/2 - 16*m - 1801. Calculate r(9).
-7
Let u(i) be the second derivative of -i**4/12 - i**3/3 - 5*i**2 + 132*i. Calculate u(0).
-10
Let s(h) = -7*h + 115. Let b be s(13). Let d(p) = -p**2 + 21*p + 87. What is d(b)?
15
Let g(k) = k**2 - 2*k - 8. Suppose 5*z + 5*m - 480 = 0, 5*z - 2*m - 789 + 281 = 0. Suppose 7*s - z = -58. Determine g(s).
16
Let u(q) = 5*q + 6. Let s(d) = 9*d - 16*d - 3 - 2. Let r(w) = -2*s(w) - 3*u(w). Suppose -2*h - 8 = 4. Give r(h).
-2
Let d(q) = 3*q - 44 + 2*q + 32. Let l be d(3). Suppose 8*i + l = -45. Let b(g) = 2*g + 3. What is b(i)?
-9
Let z(t) = -3*t**3 + 16*t**2 + 26*t + 11. Let o(g) = 5*g**3 - 24*g**2 - 40*g - 16. Let f(y) = -5*o(y) - 8*z(y). Let l = -145 - -138. Calculate f(l).
-1
Let p = -128 + 130. Suppose -2*w = -w + 3*o, -14 = -4*w + p*o. Let j(v) = v**2 - 5*v + 4. Give j(w).
-2
Let o(q) = -q + 18. Let a(m) = -4*m**3 - 39*m**2 + 107*m - 11. Let j be a(-12). Give o(j).
17
Suppose 2*c + 7 + 13 = 0. Let g(d) be the second derivative of d**5/20 + 5*d**4/6 - d**3/6 + d**2/2 + 2*d - 600. Calculate g(c).
11
Let n(y) = -2*y**3 + y**2 - y - 1. Let t be (2 - 1)*(-1 - 0). Let w be ((-15)/6 + 2)*(t + -3). Let r be w - (-3 - -11)/2. Determine n(r).
21
Suppose 2*i = 4*n - 20, 3*i - i = 2*n - 20. Suppose 22*j + 262 = 42. Let s be 4/j - 114/i. Let u(o) = -o**2 + 12*o - 16. What is u(s)?
-5
Let l(f) = 58 - 92 - 14 - 2*f - 4*f. Give l(-7).
-6
Let p = 189 + -187. Let u(i) = -86*i - i**p - 87*i + 265*i - 1 - 90*i. Give u(1).
0
Let t(a) = -a**2 + 7*a + 16. Let s be t(8). Let o be 3 + (3 - s) + (-10)/(-2). Let j(k) = -4*k**2 - o*k + 5 - 4 + 4*k - k**3. What is j(-4)?
-3
Let q(o) = -5*o**2 - 12*o + 10. Let h(t) = -4*t**2 - 8*t + 9. Let j be ((-3)/6)/((-8)/32). Let p(k) = j*q(k) - 3*h(k). What is p(5)?
43
Let f(j) = j**2 - 8*j + 9. Suppose 2*g - 7 - 7 = 0. Let s be f(g). Let b(u) = s*u - 64 + 67 - u. What is b(4)?
7
Suppose 992*r = 1106*r - 2052. Let i(d) = d**2 - 19*d - 15. What is i(r)?
-33
Let t(c) be the second derivative of -c**3/6 - 13*c**2/2 - 180*c - 1. Give t(-17).
4
Let x be (11 - 15)/((-8)/6). Let r(p) be the first derivative of -p**4/12 + p**3/2 - 3*p**2/2 - 9*p - 9. Let o(j) be the first derivative of r(j). What is o(x)?
-3
Let j(s) be the third derivative of -s**5/30 + 49*s**4/24 - 11*s**3 + 7187*s**2. Calculate j(23).
3
Let n(h) = 2*h**3 + 60*h + 19 - 27*h**2 + 51*h + 42*h - 3*h**3 - 199*h. Determine n(-25).
-81
Let y(c) be the third derivative of -7/24*c**4 + 111*c**2 + 0 + 1/3*c**3 + 0*c. Give y(2).
-12
Let x(k) = -5*k**2 - 112*k - 320. Let z be x(-19). Let r(v) = -4*v**2 + 4*v - 6. Give r(z).
-30
Let b(s) = -s + 5. Suppose 204 = 6*a - 2*a. Let u = 58 - a. Suppose 4 - u = -v. What is b(v)?
2
Let i(t) = t**3 - 6*t**2 + 6. Let o(s) = -2*s**3 - 63*s**2 + 34*s + 78. Let r be o(-32). Let u(g) = 11*g - 148. Let v be u(r). What is i(v)?
6
Let x(k) = k - 3. Let r = -80 - -80. Suppose -u - u + 12 = r. Suppose -14*c - u = -16*c. Calculate x(c).
0
Let r(o) = 13*o + 7. Let f(l) be the third derivative of -5*l**4/8 - 4*l**3/3 - 56*l**2 + 2. Let t(d) = 6*f(d) + 7*r(d). What is t(8)?
9
Suppose 2*s + 311 - 340 = -3*f, -5*f + s + 18 = 0. Let q(g) = 18*g - 62. What is q(f)?
28
Let r(m) = m - 24. Let g(v) = v - 12. Let z(p) = 5*g(p) - 3*r(p). Let d(h) = -20*h**2 - 8*h + 762. Let c be d(6). What is z(c)?
0
Let g be 282/18 - 1/(-3). Let c = -12 + g. Let s(x) = -c - 2 + 2*x - 2 - 1. What is s(8)?
7
Let o(p) = -52 + 4*p**2 - 5*p**3 + 52 - 3*p**2. Let t(s) be the third derivative of s**5/60 + 23*s**4/24 + 23*s**3/6 - 19*s**2. Let v be t(-22). Give o(v).
-4
Let j = 437 + -432. Let w(d) = -11 - 243*d + 242*d - j. What is w(-11)?
-5
Let l(x) = 2*x + 12. Suppose -49*d + 103 = -240. Calculate l(d).
26
Let u(o) be the first derivative of 10*o**3/3 + o**2/2 - o + 1755. Suppose -2*p + 16 = -2*n - 5*p, 2*n + 20 = -4*p. Give u(n).
37
Let n = -19 + 21. Let u be 1 + (0 + n + -2)/4. Let g(p) = 4*p**2 + 1. Calculate g(u).
5
Suppose -5*r = -a + 8, 4*r - 5 = -3*a - 0*r. Let z(c) = -c**2 + 6*c - 6. Let s be z(4). Let f(u) = 0*u - 12 - u**s + 10 + 2*u. Determine f(a).
-5
Suppose -11*q = -3 + 91. Let o(a) = -13*a**2 - 103*a - 1. Calculate o(q).
-9
Let v(p) be the first derivative of p**3/3 + 39*p**2/2 - 86*p + 893. What is v(-41)?
-4
Let o(q) = -54*q + 678. Let f(x) = 18*x - 247. Let p(l) = -11*f(l) - 4*o(l). Calculate p(4).
77
Let l be 1/(-1)*0*(-7)/21. Let u(r) = -1011*r + l + 1 + 1012*r. Calculate u(4).
5
Let s(b) = -3 - 1473*b**2 + 4*b + 2 + 1829*b**2 - 353*b**2 + 0. Let q(o) = -3*o**2. Let u be q(1). What is s(u)?
14
Let y(l) = -4. Let r be (-4)/(-1) - 8/4. Let i(c) = -65 - c + 35 + 41. Let j(b) = r*i(b) + 7*y(b). Determine j(-5).
4
Let w(f) = 8 + 36*f + 10 - 48*f - 10. What is w(1)?
-4
Let b(t) be the second derivative of t**6/360 - 13*t**5/120 + 5*t**4/8 + 25*t**3/6 + 54*t. Let m(i) be the second derivative of b(i). Give m(10).
-15
Let b(t) = 131*t + 7